{"id":17,"date":"2014-04-21T04:42:30","date_gmt":"2014-04-21T02:42:30","guid":{"rendered":"http:\/\/www.stellplatz.margitproske.de\/?page_id=17"},"modified":"2025-12-31T09:16:27","modified_gmt":"2025-12-31T07:16:27","slug":"home","status":"publish","type":"page","link":"https:\/\/www.stellplatz.margitproske.de\/","title":{"rendered":"Home"},"content":{"rendered":"<p>Guten Tag,<br \/>\nich freue mich sehr, dass Sie meinen Caravan- und Wohnmobilstellplatz gefunden haben.<br \/>\nDie Stellpl\u00e4tze lassen sich in zwei Gruppen aufteilen.<br \/>\n<strong>\u00dcberdachte und Nicht \u00dcberdachte Stellpl\u00e4tze.<\/strong><\/p>\n<p>Der Preis f\u00fcr die \u00fcberdachten Stellpl\u00e4tze betr\u00e4gt 70,00 \u20ac pro Monat.<br \/>\nDer Preis f\u00fcr die nicht \u00fcberdachten Stellpl\u00e4tze betr\u00e4gt 55,00 \u20ac pro Monat.<\/p>\n<p>Der Stellplatz befindet sich in &#8222;Selm&#8220; an der Strasse &#8222;Am Angelkamp&#8220;.<br \/>\nF\u00fcr eine genauere Vorstellung des Standortes klicken Sie bitte auf die Karte.<\/p>\n<p><iframe loading=\"lazy\" style=\"border: 0;\" src=\"https:\/\/www.google.com\/maps\/embed?pb=!1m14!1m12!1m3!1d320.9299116157883!2d7.482953943604485!3d51.66484085151761!2m3!1f0!2f0!3f0!3m2!1i1024!2i768!4f13.1!5e1!3m2!1sde!2sde!4v1399683881740\" width=\"400\" height=\"300\" frameborder=\"0\"><\/iframe><\/p>\n","protected":false},"excerpt":{"rendered":"<p>Guten Tag, ich freue mich sehr, dass Sie meinen Caravan- und Wohnmobilstellplatz gefunden haben. Die Stellpl\u00e4tze lassen sich in zwei Gruppen aufteilen. \u00dcberdachte und Nicht \u00dcberdachte Stellpl\u00e4tze. Der Preis f\u00fcr die \u00fcberdachten Stellpl\u00e4tze betr\u00e4gt 70,00 \u20ac pro Monat. Der Preis f\u00fcr die nicht \u00fcberdachten Stellpl\u00e4tze betr\u00e4gt 55,00 \u20ac pro Monat. Der Stellplatz befindet sich in [&hellip;]<\/p>\n","protected":false},"author":2,"featured_media":0,"parent":0,"menu_order":0,"comment_status":"closed","ping_status":"closed","template":"","meta":[],"_links":{"self":[{"href":"https:\/\/www.stellplatz.margitproske.de\/index.php?rest_route=\/wp\/v2\/pages\/17"}],"collection":[{"href":"https:\/\/www.stellplatz.margitproske.de\/index.php?rest_route=\/wp\/v2\/pages"}],"about":[{"href":"https:\/\/www.stellplatz.margitproske.de\/index.php?rest_route=\/wp\/v2\/types\/page"}],"author":[{"embeddable":true,"href":"https:\/\/www.stellplatz.margitproske.de\/index.php?rest_route=\/wp\/v2\/users\/2"}],"replies":[{"embeddable":true,"href":"https:\/\/www.stellplatz.margitproske.de\/index.php?rest_route=%2Fwp%2Fv2%2Fcomments&post=17"}],"version-history":[{"count":14,"href":"https:\/\/www.stellplatz.margitproske.de\/index.php?rest_route=\/wp\/v2\/pages\/17\/revisions"}],"predecessor-version":[{"id":111,"href":"https:\/\/www.stellplatz.margitproske.de\/index.php?rest_route=\/wp\/v2\/pages\/17\/revisions\/111"}],"wp:attachment":[{"href":"https:\/\/www.stellplatz.margitproske.de\/index.php?rest_route=%2Fwp%2Fv2%2Fmedia&parent=17"}],"curies":[{"name":"wp","href":"https:\/\/api.w.org\/{rel}","templated":true}]}}